{"id":5269,"date":"2018-04-17T18:29:46","date_gmt":"2018-04-17T18:29:46","guid":{"rendered":"http:\/\/schooling.xoothemes.com\/?page_id=5269"},"modified":"2023-01-23T23:38:16","modified_gmt":"2023-01-23T23:38:16","slug":"contacto","status":"publish","type":"page","link":"https:\/\/vrc.media\/index.php\/contacto\/","title":{"rendered":"Contacto"},"content":{"rendered":"\t\t<div data-elementor-type=\"wp-post\" data-elementor-id=\"5269\" class=\"elementor elementor-5269\" data-elementor-settings=\"[]\">\n\t\t\t\t\t\t\t<div class=\"elementor-section-wrap\">\n\t\t\t\t\t\t\t<section class=\"has_ma_el_bg_slider elementor-section elementor-top-section elementor-element elementor-element-e1ae689 elementor-section-boxed elementor-section-height-default elementor-section-height-default reptro-section-padding-large reptro_section_top_bottom_padding_no\" data-id=\"e1ae689\" data-element_type=\"section\" data-settings=\"{&quot;background_background&quot;:&quot;classic&quot;}\">\n\t\t\t\t\t\t<div class=\"elementor-container elementor-column-gap-extended\">\n\t\t\t\t\t<div class=\"has_ma_el_bg_slider elementor-column elementor-col-50 elementor-top-column elementor-element elementor-element-aa9fb34\" data-id=\"aa9fb34\" data-element_type=\"column\">\n\t\t\t<div class=\"elementor-widget-wrap elementor-element-populated\">\n\t\t\t\t\t\t\t\t<div class=\"elementor-element elementor-element-f83e6ce elementor-widget elementor-widget-reptro_contact_form_seven\" data-id=\"f83e6ce\" data-element_type=\"widget\" data-widget_type=\"reptro_contact_form_seven.default\">\n\t\t\t\t<div class=\"elementor-widget-container\">\n\t\t\t\r\n\t\t<div role=\"form\" class=\"wpcf7\" id=\"wpcf7-f5285-o1\" lang=\"en-US\" dir=\"ltr\">\n<div class=\"screen-reader-response\"><p role=\"status\" aria-live=\"polite\" aria-atomic=\"true\"><\/p> <ul><\/ul><\/div>\n<form action=\"\/index.php\/wp-json\/wp\/v2\/pages\/5269#wpcf7-f5285-o1\" method=\"post\" class=\"wpcf7-form init\" novalidate=\"novalidate\" data-status=\"init\">\n<div style=\"display: none;\">\n<input type=\"hidden\" name=\"_wpcf7\" value=\"5285\" \/>\n<input type=\"hidden\" name=\"_wpcf7_version\" value=\"5.4\" \/>\n<input type=\"hidden\" name=\"_wpcf7_locale\" value=\"en_US\" \/>\n<input type=\"hidden\" name=\"_wpcf7_unit_tag\" value=\"wpcf7-f5285-o1\" \/>\n<input type=\"hidden\" name=\"_wpcf7_container_post\" value=\"0\" \/>\n<input type=\"hidden\" name=\"_wpcf7_posted_data_hash\" value=\"\" \/>\n<\/div>\n<div class=\"row\">\n<div class=\"form-group col-md-6 col-sm-6\">\n\t    <span class=\"wpcf7-form-control-wrap your-name\"><input type=\"text\" name=\"your-name\" value=\"\" size=\"40\" class=\"wpcf7-form-control wpcf7-text wpcf7-validates-as-required form-control\" aria-required=\"true\" aria-invalid=\"false\" placeholder=\"Nombre\" \/><\/span>\n\t<\/div>\n<div class=\"form-group col-md-6 col-sm-6\">\n\t    <span class=\"wpcf7-form-control-wrap your-email\"><input type=\"email\" name=\"your-email\" value=\"\" size=\"40\" class=\"wpcf7-form-control wpcf7-text wpcf7-email wpcf7-validates-as-required wpcf7-validates-as-email form-control\" aria-required=\"true\" aria-invalid=\"false\" placeholder=\"Correo Electr\u00f3nico\" \/><\/span>\n\t<\/div>\n<div class=\"form-group col-md-12\">\n            <span class=\"wpcf7-form-control-wrap your-subject\"><input type=\"text\" name=\"your-subject\" value=\"\" size=\"40\" class=\"wpcf7-form-control wpcf7-text form-control\" aria-invalid=\"false\" placeholder=\"Asunto\" \/><\/span>\n        <\/div>\n<div class=\"form-group col-md-12\">\n\t    <span class=\"wpcf7-form-control-wrap your-message\"><textarea name=\"your-message\" cols=\"40\" rows=\"5\" class=\"wpcf7-form-control wpcf7-textarea form-control materialize-textarea\" aria-invalid=\"false\" placeholder=\"Mensaje\"><\/textarea><\/span>\n\t<\/div>\n<div class=\"clearfix\"><\/div>\n<div class=\"form-btn col-xs-12 text-center\">\n\t    <input type=\"submit\" value=\"Enviar\" class=\"wpcf7-form-control wpcf7-submit btn btn-fill btn-big\" id=\"form-submit\" \/>\n\t<\/div>\n<\/div>\n<div class=\"wpcf7-response-output\" aria-hidden=\"true\"><\/div><\/form><\/div>\r\n\t\t\t\t<\/div>\n\t\t\t\t<\/div>\n\t\t\t\t\t<\/div>\n\t\t<\/div>\n\t\t\t\t<div class=\"has_ma_el_bg_slider elementor-column elementor-col-50 elementor-top-column elementor-element elementor-element-d341222\" data-id=\"d341222\" data-element_type=\"column\">\n\t\t\t<div class=\"elementor-widget-wrap elementor-element-populated\">\n\t\t\t\t\t\t\t\t<div class=\"elementor-element elementor-element-c17ee3b elementor-widget elementor-widget-image\" data-id=\"c17ee3b\" data-element_type=\"widget\" data-widget_type=\"image.default\">\n\t\t\t\t<div class=\"elementor-widget-container\">\n\t\t\t\t\t\t\t\t\t\t\t\t\t\t\t<img width=\"640\" height=\"427\" src=\"https:\/\/vrc.media\/wp-content\/uploads\/2021\/04\/a9-1024x683.jpg\" class=\"attachment-large size-large\" alt=\"\" loading=\"lazy\" srcset=\"https:\/\/vrc.media\/wp-content\/uploads\/2021\/04\/a9-1024x683.jpg 1024w, https:\/\/vrc.media\/wp-content\/uploads\/2021\/04\/a9-300x200.jpg 300w, https:\/\/vrc.media\/wp-content\/uploads\/2021\/04\/a9-768x512.jpg 768w, https:\/\/vrc.media\/wp-content\/uploads\/2021\/04\/a9-1536x1024.jpg 1536w, https:\/\/vrc.media\/wp-content\/uploads\/2021\/04\/a9.jpg 1920w\" sizes=\"(max-width: 640px) 100vw, 640px\" \/>\t\t\t\t\t\t\t\t\t\t\t\t\t\t\t<\/div>\n\t\t\t\t<\/div>\n\t\t\t\t\t<\/div>\n\t\t<\/div>\n\t\t\t\t\t\t\t<\/div>\n\t\t<\/section>\n\t\t\t\t<section class=\"has_ma_el_bg_slider elementor-section elementor-top-section elementor-element elementor-element-5b7e112c elementor-section-boxed elementor-section-height-default elementor-section-height-default reptro-section-padding-large reptro_section_top_bottom_padding_no\" data-id=\"5b7e112c\" data-element_type=\"section\" data-settings=\"{&quot;background_background&quot;:&quot;classic&quot;}\">\n\t\t\t\t\t\t\t<div class=\"elementor-background-overlay\"><\/div>\n\t\t\t\t\t\t\t<div class=\"elementor-container elementor-column-gap-extended\">\n\t\t\t\t\t<div class=\"has_ma_el_bg_slider elementor-column elementor-col-100 elementor-top-column elementor-element elementor-element-d5ba53f\" data-id=\"d5ba53f\" data-element_type=\"column\">\n\t\t\t<div class=\"elementor-widget-wrap elementor-element-populated\">\n\t\t\t\t\t\t\t\t<div class=\"elementor-element elementor-element-406e902b elementor-widget elementor-widget-reptro_call_to_action\" data-id=\"406e902b\" data-element_type=\"widget\" data-widget_type=\"reptro_call_to_action.default\">\n\t\t\t\t<div class=\"elementor-widget-container\">\n\t\t\t        \t<div class=\"reptro-ctl-area reptro-ctl-default\">\n                                <div class=\"reptro-ctl-content-wrapper\">\n        \t\t\t        \t\t\t\t<div class=\"reptro-ctl-icon\">\n        \t\t\t\t\t<i aria-hidden=\"true\" class=\"sli-envelope-letter\"><\/i>        \t\t\t\t<\/div>\n        \t\t\t\n        \t\t\t        \t\t\t\t<div class=\"reptro-ctl-content\">\n        \t\t\t\t\t        \t\t\t\t\t\t<h2 class=\"reptro-section-title text-default margin-bottom-small section-title-type-default margin-top-none section-title-font-size-default section-title-color-default section-title-highlight-inline\">S\u00e9 parte de nuestra Comunidad<\/h2>\n        \t\t\t\t\t        \t\t\t\t\t        \t\t\t\t\t\t<p class=\"section-title-small text-default margin-bottom-small margin-top-none section-title-small-font-default section-title-small-border-no section-title-small-color-default\"><span>Ingresa a nuestra Comunidad VRC para tener acceso a m\u00e1s oportunidades laborales y crecimiento personal.<\/span><\/p>\n        \t\t\t\t\t        \t\t\t\t<\/div>\n        \t\t\t\n        \t\t\t            \t\t\t<div class=\"reptro-ctl-button\">\n            \t\t\t\t<a class=\"btn btn-lg btn-border\" href=\"http:\/\/vrc.media\/index.php\/contacto\/\">Cont\u00e1ctanos<\/a>\n            \t\t\t<\/div>\n        \t\t\t                <\/div>\n        \t<\/div>\n        \t\t<\/div>\n\t\t\t\t<\/div>\n\t\t\t\t\t<\/div>\n\t\t<\/div>\n\t\t\t\t\t\t\t<\/div>\n\t\t<\/section>\n\t\t\t\t<section class=\"has_ma_el_bg_slider elementor-section elementor-top-section elementor-element elementor-element-344642c8 elementor-section-content-middle elementor-section-boxed elementor-section-height-default elementor-section-height-default reptro-section-padding-large reptro_section_top_bottom_padding_no\" data-id=\"344642c8\" data-element_type=\"section\">\n\t\t\t\t\t\t<div class=\"elementor-container elementor-column-gap-extended\">\n\t\t\t\t\t<div class=\"has_ma_el_bg_slider elementor-column elementor-col-100 elementor-top-column elementor-element elementor-element-12de5f86\" data-id=\"12de5f86\" data-element_type=\"column\">\n\t\t\t<div class=\"elementor-widget-wrap elementor-element-populated\">\n\t\t\t\t\t\t\t\t<div class=\"elementor-element elementor-element-7cb78fa6 elementor-widget elementor-widget-reptro_section_sub_title\" data-id=\"7cb78fa6\" data-element_type=\"widget\" data-widget_type=\"reptro_section_sub_title.default\">\n\t\t\t\t<div class=\"elementor-widget-container\">\n\t\t\t<p class=\"section-title-small text-center margin-bottom-none margin-top-none section-title-small-font-default section-title-small-border-no section-title-small-color-default\"><span>Diego Becerra 48, San Jos\u00e9 Insurgentes 03900, Benito Ju\u00e1rez, CDMX, M\u00e9xico<\/span><\/p>\t\t<\/div>\n\t\t\t\t<\/div>\n\t\t\t\t<div class=\"elementor-element elementor-element-cc8cd29 elementor-widget elementor-widget-reptro_section_title\" data-id=\"cc8cd29\" data-element_type=\"widget\" data-widget_type=\"reptro_section_title.default\">\n\t\t\t\t<div class=\"elementor-widget-container\">\n\t\t\t<h3 class=\"reptro-section-title text-center margin-bottom-medium section-title-type-border margin-top-none section-title-font-size-default section-title-color-default\"><span>\n<\/span><\/h3>\t\t<\/div>\n\t\t\t\t<\/div>\n\t\t\t\t<div class=\"elementor-element elementor-element-13937f8f elementor-widget elementor-widget-google_maps\" data-id=\"13937f8f\" data-element_type=\"widget\" data-widget_type=\"google_maps.default\">\n\t\t\t\t<div class=\"elementor-widget-container\">\n\t\t\t<div class=\"elementor-custom-embed\"><iframe frameborder=\"0\" scrolling=\"no\" marginheight=\"0\" marginwidth=\"0\" src=\"https:\/\/maps.google.com\/maps?q=Diego%20Becerra%2048%2C%20San%20Jos%C3%A9%20Insurgentes%2003900%2C%20Benito%20Ju%C3%A1rez%2C%20CDMX%2C%20M%C3%A9xico&amp;t=m&amp;z=18&amp;output=embed&amp;iwloc=near\" title=\"Diego Becerra 48, San Jos\u00e9 Insurgentes 03900, Benito Ju\u00e1rez, CDMX, M\u00e9xico\" aria-label=\"Diego Becerra 48, San Jos\u00e9 Insurgentes 03900, Benito Ju\u00e1rez, CDMX, M\u00e9xico\"><\/iframe><\/div>\t\t<\/div>\n\t\t\t\t<\/div>\n\t\t\t\t\t<\/div>\n\t\t<\/div>\n\t\t\t\t\t\t\t<\/div>\n\t\t<\/section>\n\t\t\t\t\t\t<\/div>\n\t\t\t\t\t<\/div>\n\t\t","protected":false},"excerpt":{"rendered":"<p>S\u00e9 parte de nuestra Comunidad Ingresa a nuestra Comunidad VRC para tener acceso a m\u00e1s oportunidades laborales y crecimiento personal. Cont\u00e1ctanos Diego Becerra 48, San Jos\u00e9 Insurgentes 03900, Benito Ju\u00e1rez,&#8230;<\/p>\n","protected":false},"author":1,"featured_media":0,"parent":0,"menu_order":0,"comment_status":"closed","ping_status":"closed","template":"","meta":{"om_disable_all_campaigns":false},"_links":{"self":[{"href":"https:\/\/vrc.media\/index.php\/wp-json\/wp\/v2\/pages\/5269"}],"collection":[{"href":"https:\/\/vrc.media\/index.php\/wp-json\/wp\/v2\/pages"}],"about":[{"href":"https:\/\/vrc.media\/index.php\/wp-json\/wp\/v2\/types\/page"}],"author":[{"embeddable":true,"href":"https:\/\/vrc.media\/index.php\/wp-json\/wp\/v2\/users\/1"}],"replies":[{"embeddable":true,"href":"https:\/\/vrc.media\/index.php\/wp-json\/wp\/v2\/comments?post=5269"}],"version-history":[{"count":13,"href":"https:\/\/vrc.media\/index.php\/wp-json\/wp\/v2\/pages\/5269\/revisions"}],"predecessor-version":[{"id":6879,"href":"https:\/\/vrc.media\/index.php\/wp-json\/wp\/v2\/pages\/5269\/revisions\/6879"}],"wp:attachment":[{"href":"https:\/\/vrc.media\/index.php\/wp-json\/wp\/v2\/media?parent=5269"}],"curies":[{"name":"wp","href":"https:\/\/api.w.org\/{rel}","templated":true}]}}